{"id":69,"date":"2020-12-03T14:48:24","date_gmt":"2020-12-03T14:48:24","guid":{"rendered":"https:\/\/duesternort.de\/?page_id=69"},"modified":"2025-06-16T11:59:46","modified_gmt":"2025-06-16T11:59:46","slug":"soziale-einrichtungen","status":"publish","type":"page","link":"https:\/\/duesternort.de\/index.php\/soziale-einrichtungen\/","title":{"rendered":"Soziale Einrichtungen"},"content":{"rendered":"\n<p class=\"has-medium-font-size\"><strong>Diakonisches Werk<\/strong> <strong>Delmenhorst\/Oldenburg-Land e. V.<\/strong><\/p>\n\n\n\n<div class=\"wp-block-media-text alignwide has-media-on-the-right is-stacked-on-mobile\"><div class=\"wp-block-media-text__content\">\n<p><strong>Anlaufstelle f\u00fcr Straff\u00e4llige Delmenhorst<\/strong><br>D\u00fcsternortstr. 51, 27755 Delmenhorst<br>Tel.: 04221 96200<br>Fax: 04221 962020<br>E-Mail: <a href=\"mailto:anlaufstelle@diakonie-doll.de\">anlaufstelle@diakonie-doll.de<\/a><br>Homepage: <a rel=\"noreferrer noopener\" href=\"https:\/\/www.dw-ol.de\/pages\/einrichtungen\/microsites\/diakonie-doll_de\/rat___hilfe\/anlaufstelle_fuer_straffaellige\" target=\"_blank\">https:\/\/www.dw-ol.de\/pages\/einrichtungen\/microsites\/diakonie-doll_de\/rat___hilfe\/anlaufstelle_fuer_straffaellige<\/a><\/p>\n<\/div><figure class=\"wp-block-media-text__media\"><\/figure><\/div>\n\n\n\n<div class=\"wp-block-media-text alignwide has-media-on-the-right is-stacked-on-mobile\" style=\"grid-template-columns:auto 39%\"><div class=\"wp-block-media-text__content\">\n<p><strong>Familienzentrum DelFIn<\/strong><br>Breslauerstra\u00dfe 41, 27755 Delmenhorst<br>Tel.: 0178 8072719<br>E-Mail: <a href=\"mailto:y.baumgart@awo-delmenhorst.de\">mzabel@diakonie-doll.de<\/a><br>Homepage: <\/p>\n<\/div><figure class=\"wp-block-media-text__media\"><img loading=\"lazy\" decoding=\"async\" width=\"1024\" height=\"768\" src=\"https:\/\/duesternort.de\/wp-content\/uploads\/2025\/06\/20250611_121919_resized-1024x768.jpg\" alt=\"\" class=\"wp-image-793 size-full\" srcset=\"https:\/\/duesternort.de\/wp-content\/uploads\/2025\/06\/20250611_121919_resized-1024x768.jpg 1024w, https:\/\/duesternort.de\/wp-content\/uploads\/2025\/06\/20250611_121919_resized-300x225.jpg 300w, https:\/\/duesternort.de\/wp-content\/uploads\/2025\/06\/20250611_121919_resized-768x576.jpg 768w, https:\/\/duesternort.de\/wp-content\/uploads\/2025\/06\/20250611_121919_resized-1536x1152.jpg 1536w, https:\/\/duesternort.de\/wp-content\/uploads\/2025\/06\/20250611_121919_resized.jpg 2000w\" sizes=\"auto, (max-width: 767px) 89vw, (max-width: 1000px) 54vw, (max-width: 1071px) 543px, 580px\" \/><\/figure><\/div>\n\n\n\n<div class=\"wp-block-media-text alignwide has-media-on-the-right is-stacked-on-mobile\" style=\"grid-template-columns:auto 30%\"><div class=\"wp-block-media-text__content\">\n<p><strong>Kinder- und Jugendhaus Horizont<\/strong><br>Elbinger Stra\u00dfe 20, 27755 Delmenhorst<br>Tel.: 04221 62655<br>Fax: 04221-6890280<br>E-Mail: <a href=\"mailto:jugendhaus.horizont@diakonie-doll.de\">jugendhaus.horizont@diakonie-doll.de<\/a><br>Homepage: <a rel=\"noreferrer noopener\" href=\"https:\/\/www.dw-ol.de\/pages\/einrichtungen\/jugendhilfe\/delmenhorst_oldenburg-land\/kinder-_und_jugendhaus_horizont_kinderschutz-zentrum_delmenhorst\" target=\"_blank\">https:\/\/www.dw-ol.de\/pages\/einrichtungen\/jugendhilfe\/delmenhorst_oldenburg-land\/kinder-_und_jugendhaus_horizont_kinderschutz-zentrum_delmenhorst<\/a><br><em>\u00d6ffnungszeiten: Montag bis Freitag 14:00 &#8211; 20:00 Uhr<\/em><\/p>\n<\/div><figure class=\"wp-block-media-text__media\"><img loading=\"lazy\" decoding=\"async\" width=\"2444\" height=\"2560\" src=\"https:\/\/duesternort.de\/wp-content\/uploads\/2021\/04\/20210428_133550-scaled.jpg\" alt=\"\" class=\"wp-image-499 size-full\" srcset=\"https:\/\/duesternort.de\/wp-content\/uploads\/2021\/04\/20210428_133550-scaled.jpg 2444w, https:\/\/duesternort.de\/wp-content\/uploads\/2021\/04\/20210428_133550-286x300.jpg 286w, https:\/\/duesternort.de\/wp-content\/uploads\/2021\/04\/20210428_133550-977x1024.jpg 977w, https:\/\/duesternort.de\/wp-content\/uploads\/2021\/04\/20210428_133550-768x805.jpg 768w, https:\/\/duesternort.de\/wp-content\/uploads\/2021\/04\/20210428_133550-1466x1536.jpg 1466w, https:\/\/duesternort.de\/wp-content\/uploads\/2021\/04\/20210428_133550-1955x2048.jpg 1955w\" sizes=\"auto, (max-width: 767px) 89vw, (max-width: 1000px) 54vw, (max-width: 1071px) 543px, 580px\" \/><\/figure><\/div>\n\n\n\n<div class=\"wp-block-media-text alignwide has-media-on-the-right is-stacked-on-mobile is-image-fill-element\" style=\"grid-template-columns:auto 25%\"><div class=\"wp-block-media-text__content\">\n<p><strong>Migrationsberatung<\/strong><br>Delmegarten 3, 27749 Delmenhorst<br>Tel: 0162 8633203<br>E-Mail: <a href=\"mailto:janine.niehues@diakonie-doll.de\">mibrahim@diakonie-doll.de<\/a><br>Homepage: <a href=\"https:\/\/www.diakonie-doll.de\/rat-hilfe\/migrationsberatung\/migrationsberatung-delmenhorst\">https:\/\/www.diakonie-doll.de\/rat-hilfe\/migrationsberatung\/migrationsberatung-delmenhorst<\/a><br><em>Sprechzeit: Montags und mittwochs im Nachbarschaftsb\u00fcro D\u00fcsternort<\/em><\/p>\n<\/div><figure class=\"wp-block-media-text__media\"><img loading=\"lazy\" decoding=\"async\" width=\"500\" height=\"500\" src=\"https:\/\/duesternort.de\/wp-content\/uploads\/2020\/12\/platzhalter.png\" alt=\"\" class=\"wp-image-341 size-full\" style=\"object-position:50% 50%\" srcset=\"https:\/\/duesternort.de\/wp-content\/uploads\/2020\/12\/platzhalter.png 500w, https:\/\/duesternort.de\/wp-content\/uploads\/2020\/12\/platzhalter-300x300.png 300w, https:\/\/duesternort.de\/wp-content\/uploads\/2020\/12\/platzhalter-150x150.png 150w, https:\/\/duesternort.de\/wp-content\/uploads\/2020\/12\/platzhalter-100x100.png 100w\" sizes=\"auto, (max-width: 500px) 100vw, 500px\" \/><\/figure><\/div>\n\n\n\n<div class=\"wp-block-media-text alignwide has-media-on-the-right is-stacked-on-mobile is-image-fill-element\" style=\"grid-template-columns:auto 37%\"><div class=\"wp-block-media-text__content\">\n<p><strong>Nachbarschaftsb\u00fcro D\u00fcsternort<\/strong><br>Elbinger Stra\u00dfe 8, 27755 Delmenhorst<br>Tel.: 04221 981630<br>E-Mail: <a href=\"mailto:nbb.duesternort@diakonie-doll.de\">nbb.duesternort@diakonie-doll.de<\/a><br><em>\u00d6ffnungszeiten: Telefonische Erreichbarkeit Montag bis Donnerstag von 10 &#8211; 13 Uhr<\/em><\/p>\n<\/div><figure class=\"wp-block-media-text__media\"><img loading=\"lazy\" decoding=\"async\" width=\"1024\" height=\"768\" src=\"https:\/\/duesternort.de\/wp-content\/uploads\/2020\/12\/NBB_Fenster-1024x768.jpg\" alt=\"\" class=\"wp-image-259 size-full\" style=\"object-position:12% 59%\" srcset=\"https:\/\/duesternort.de\/wp-content\/uploads\/2020\/12\/NBB_Fenster-1024x768.jpg 1024w, https:\/\/duesternort.de\/wp-content\/uploads\/2020\/12\/NBB_Fenster-300x225.jpg 300w, https:\/\/duesternort.de\/wp-content\/uploads\/2020\/12\/NBB_Fenster-768x576.jpg 768w, https:\/\/duesternort.de\/wp-content\/uploads\/2020\/12\/NBB_Fenster-1536x1152.jpg 1536w, https:\/\/duesternort.de\/wp-content\/uploads\/2020\/12\/NBB_Fenster-2048x1536.jpg 2048w\" sizes=\"auto, (max-width: 767px) 89vw, (max-width: 1000px) 54vw, (max-width: 1071px) 543px, 580px\" \/><\/figure><\/div>\n\n\n\n<div class=\"wp-block-media-text alignwide has-media-on-the-right is-stacked-on-mobile\" style=\"grid-template-columns:auto 35%\"><div class=\"wp-block-media-text__content\">\n<p id=\"roteskreuz\"><strong>Streetwork<\/strong><br>Lutherstr. 4, 27749 Delmenhorst<br>Tel.: 04221 91668-23<br>E-Mail: <a href=\"mailto:streetwork@diakonie-doll.de\">streetwork@diakonie-doll.de<\/a><br>Homepage: <a rel=\"noreferrer noopener\" href=\"https:\/\/www.dw-ol.de\/pages\/einrichtungen\/microsites\/diakonie-doll_de\/rat___hilfe\/kinder-_und_jugendhilfe\/streetwork\" target=\"_blank\">https:\/\/www.dw-ol.de\/pages\/einrichtungen\/microsites\/diakonie-doll_de\/rat___hilfe\/kinder-_und_jugendhilfe\/streetwork<\/a><\/p>\n<\/div><figure class=\"wp-block-media-text__media\"><img loading=\"lazy\" decoding=\"async\" width=\"765\" height=\"538\" src=\"https:\/\/duesternort.de\/wp-content\/uploads\/2021\/02\/STR-Team-01.2021-1.jpg\" alt=\"\" class=\"wp-image-472 size-full\" srcset=\"https:\/\/duesternort.de\/wp-content\/uploads\/2021\/02\/STR-Team-01.2021-1.jpg 765w, https:\/\/duesternort.de\/wp-content\/uploads\/2021\/02\/STR-Team-01.2021-1-300x211.jpg 300w\" sizes=\"auto, (max-width: 706px) 89vw, (max-width: 767px) 82vw, 740px\" \/><\/figure><\/div>\n\n\n\n<div class=\"wp-block-media-text alignwide has-media-on-the-right is-stacked-on-mobile is-image-fill-element\" style=\"grid-template-columns:auto 35%\"><div class=\"wp-block-media-text__content\">\n<p class=\"has-medium-font-size\"><strong>Deutsches Rotes Kreuz<\/strong><br><\/p>\n\n\n\n<p><strong>Caf\u00e9 K\u00f6<\/strong><br>K\u00f6nigsberger Str. 75,&nbsp; 27755 Delmenhorst<br>Tel.: 04221 98 42 906<br><em>\u00d6ffnungszeiten: Montag bis Freitag 11:30-14:00<\/em><\/p>\n<\/div><figure class=\"wp-block-media-text__media\"><img loading=\"lazy\" decoding=\"async\" width=\"500\" height=\"500\" src=\"https:\/\/duesternort.de\/wp-content\/uploads\/2020\/12\/platzhalter.png\" alt=\"\" class=\"wp-image-341 size-full\" style=\"object-position:50% 50%\" srcset=\"https:\/\/duesternort.de\/wp-content\/uploads\/2020\/12\/platzhalter.png 500w, https:\/\/duesternort.de\/wp-content\/uploads\/2020\/12\/platzhalter-300x300.png 300w, https:\/\/duesternort.de\/wp-content\/uploads\/2020\/12\/platzhalter-150x150.png 150w, https:\/\/duesternort.de\/wp-content\/uploads\/2020\/12\/platzhalter-100x100.png 100w\" sizes=\"auto, (max-width: 500px) 100vw, 500px\" \/><\/figure><\/div>\n\n\n\n<div class=\"wp-block-media-text alignwide has-media-on-the-right is-stacked-on-mobile is-image-fill-element\" style=\"grid-template-columns:auto 44%\"><div class=\"wp-block-media-text__content\">\n<p id=\"lebenshilfe\"><strong>Kleidershop<\/strong><br>D\u00fcsternortstr. 228, 27755 Delmenhorst<br>Tel.: 04221 98 42 998<\/p>\n<\/div><figure class=\"wp-block-media-text__media\"><img loading=\"lazy\" decoding=\"async\" width=\"500\" height=\"500\" src=\"https:\/\/duesternort.de\/wp-content\/uploads\/2020\/12\/platzhalter.png\" alt=\"\" class=\"wp-image-341 size-full\" style=\"object-position:50% 50%\" srcset=\"https:\/\/duesternort.de\/wp-content\/uploads\/2020\/12\/platzhalter.png 500w, https:\/\/duesternort.de\/wp-content\/uploads\/2020\/12\/platzhalter-300x300.png 300w, https:\/\/duesternort.de\/wp-content\/uploads\/2020\/12\/platzhalter-150x150.png 150w, https:\/\/duesternort.de\/wp-content\/uploads\/2020\/12\/platzhalter-100x100.png 100w\" sizes=\"auto, (max-width: 500px) 100vw, 500px\" \/><\/figure><\/div>\n\n\n\n<div class=\"wp-block-media-text alignwide has-media-on-the-right is-stacked-on-mobile is-image-fill-element\" style=\"grid-template-columns:auto 33%\"><div class=\"wp-block-media-text__content\">\n<p class=\"has-medium-font-size\"><strong>Lebenshilfe<\/strong><br><\/p>\n\n\n\n<p><strong>Kindertagesst\u00e4tte S\u00fcd<\/strong><br>S\u00fcdstra\u00dfe 11, 27755 Delmenhorst<br>Tel.: 04221 925740<br>Fax: 04221 9818746<br>E-Mail: <a href=\"mailto:kitasued@lebenshilfe-delmenhorst.de\">kitasued@lebenshilfe-delmenhorst.de<\/a><br>Homepage: <a rel=\"noreferrer noopener\" href=\"https:\/\/www.lh-del.de\/de\/kita-sued.html\" target=\"_blank\">https:\/\/www.lh-del.de\/de\/kita-sued.html<\/a><\/p>\n<\/div><figure class=\"wp-block-media-text__media\"><img loading=\"lazy\" decoding=\"async\" width=\"1024\" height=\"683\" src=\"https:\/\/duesternort.de\/wp-content\/uploads\/2020\/12\/lebenshilfe-lh2015-aussenaufnahmen2-20151123-26-LUKAS-LEHMANN-PHOTOGRAPHY-1024x683.jpg\" alt=\"\" class=\"wp-image-393 size-full\" style=\"object-position:50% 50%\" srcset=\"https:\/\/duesternort.de\/wp-content\/uploads\/2020\/12\/lebenshilfe-lh2015-aussenaufnahmen2-20151123-26-LUKAS-LEHMANN-PHOTOGRAPHY-1024x683.jpg 1024w, https:\/\/duesternort.de\/wp-content\/uploads\/2020\/12\/lebenshilfe-lh2015-aussenaufnahmen2-20151123-26-LUKAS-LEHMANN-PHOTOGRAPHY-300x200.jpg 300w, https:\/\/duesternort.de\/wp-content\/uploads\/2020\/12\/lebenshilfe-lh2015-aussenaufnahmen2-20151123-26-LUKAS-LEHMANN-PHOTOGRAPHY-768x512.jpg 768w, https:\/\/duesternort.de\/wp-content\/uploads\/2020\/12\/lebenshilfe-lh2015-aussenaufnahmen2-20151123-26-LUKAS-LEHMANN-PHOTOGRAPHY-1536x1024.jpg 1536w, https:\/\/duesternort.de\/wp-content\/uploads\/2020\/12\/lebenshilfe-lh2015-aussenaufnahmen2-20151123-26-LUKAS-LEHMANN-PHOTOGRAPHY.jpg 1600w\" sizes=\"auto, (max-width: 767px) 89vw, (max-width: 1000px) 54vw, (max-width: 1071px) 543px, 580px\" \/><\/figure><\/div>\n\n\n\n<div class=\"wp-block-media-text alignwide has-media-on-the-right is-stacked-on-mobile is-image-fill-element\" style=\"grid-template-columns:auto 33%\"><div class=\"wp-block-media-text__content\">\n<p><strong>Heilp\u00e4dagogische Kindertagesst\u00e4tte Rappelkiste<\/strong><br>Kolberger Stra\u00dfe 1, 27755 Delmenhorst<br>Tel.: 04221 98126-10<br>Fax: 04221 98126-15<br>E-Mail: <a href=\"mailto:rappelkiste@lebenshilfe-delmenhorst.de\">rappelkiste@lebenshilfe-delmenhorst.de<\/a><br>Homepage: <a rel=\"noreferrer noopener\" href=\"https:\/\/www.lh-del.de\/de\/rappelkiste.html\" target=\"_blank\">https:\/\/www.lh-del.de\/de\/rappelkiste.html<\/a><\/p>\n<\/div><figure class=\"wp-block-media-text__media\"><img loading=\"lazy\" decoding=\"async\" width=\"1024\" height=\"683\" src=\"https:\/\/duesternort.de\/wp-content\/uploads\/2021\/01\/lebenshilfe-lh2015-aussenaufnahmen2-20151123-29-LUKAS-LEHMANN-PHOTOGRAPHY-1024x683.jpg\" alt=\"\" class=\"wp-image-442 size-full\" style=\"object-position:16% 45%\" srcset=\"https:\/\/duesternort.de\/wp-content\/uploads\/2021\/01\/lebenshilfe-lh2015-aussenaufnahmen2-20151123-29-LUKAS-LEHMANN-PHOTOGRAPHY-1024x683.jpg 1024w, https:\/\/duesternort.de\/wp-content\/uploads\/2021\/01\/lebenshilfe-lh2015-aussenaufnahmen2-20151123-29-LUKAS-LEHMANN-PHOTOGRAPHY-300x200.jpg 300w, https:\/\/duesternort.de\/wp-content\/uploads\/2021\/01\/lebenshilfe-lh2015-aussenaufnahmen2-20151123-29-LUKAS-LEHMANN-PHOTOGRAPHY-768x512.jpg 768w, https:\/\/duesternort.de\/wp-content\/uploads\/2021\/01\/lebenshilfe-lh2015-aussenaufnahmen2-20151123-29-LUKAS-LEHMANN-PHOTOGRAPHY-1536x1024.jpg 1536w, https:\/\/duesternort.de\/wp-content\/uploads\/2021\/01\/lebenshilfe-lh2015-aussenaufnahmen2-20151123-29-LUKAS-LEHMANN-PHOTOGRAPHY.jpg 1600w\" sizes=\"auto, (max-width: 767px) 89vw, (max-width: 1000px) 54vw, (max-width: 1071px) 543px, 580px\" \/><\/figure><\/div>\n\n\n\n<div class=\"wp-block-media-text alignwide has-media-on-the-right is-stacked-on-mobile is-image-fill-element\" style=\"grid-template-columns:auto 33%\"><div class=\"wp-block-media-text__content\">\n<p><strong>Wohnen ambulant<\/strong><br>St\u00fctzpunkt D\u00fcsternort<br>Schanzenstra\u00dfe 30,  27753 Delmenhorst<br>Tel.: 04221 9811114<br>Fax: 04221 9811119<br>E-Mail: <a href=\"mailto:geschaeftsstelle@lebenshilfe-delmenhorst.de\"><\/a><a href=\"mailto:mschasse@lebenshilfe-delmenhorst.de\">mschasse@lebenshilfe-delmenhorst.de<\/a><br>Homepage: <a href=\"https:\/\/www.lh-del.de\/de\/wohnen.html\">https:\/\/www.lh-del.de\/de\/wohnen-in-delmenhorst.html<\/a><\/p>\n<\/div><figure class=\"wp-block-media-text__media\"><img loading=\"lazy\" decoding=\"async\" width=\"1024\" height=\"683\" src=\"https:\/\/duesternort.de\/wp-content\/uploads\/2020\/12\/LL3_6203-LH2015-FINAL-13-1024x683.jpg\" alt=\"\" class=\"wp-image-394 size-full\" style=\"object-position:10% 50%\" srcset=\"https:\/\/duesternort.de\/wp-content\/uploads\/2020\/12\/LL3_6203-LH2015-FINAL-13-1024x683.jpg 1024w, https:\/\/duesternort.de\/wp-content\/uploads\/2020\/12\/LL3_6203-LH2015-FINAL-13-300x200.jpg 300w, https:\/\/duesternort.de\/wp-content\/uploads\/2020\/12\/LL3_6203-LH2015-FINAL-13-768x512.jpg 768w, https:\/\/duesternort.de\/wp-content\/uploads\/2020\/12\/LL3_6203-LH2015-FINAL-13-1536x1024.jpg 1536w, https:\/\/duesternort.de\/wp-content\/uploads\/2020\/12\/LL3_6203-LH2015-FINAL-13.jpg 1600w\" sizes=\"auto, (max-width: 767px) 89vw, (max-width: 1000px) 54vw, (max-width: 1071px) 543px, 580px\" \/><\/figure><\/div>\n\n\n\n<p><\/p>\n","protected":false},"excerpt":{"rendered":"<p>Diakonisches Werk Delmenhorst\/Oldenburg-Land e. V. Anlaufstelle f\u00fcr Straff\u00e4llige DelmenhorstD\u00fcsternortstr. 51, 27755 DelmenhorstTel.: 04221 96200Fax: 04221 962020E-Mail: anlaufstelle@diakonie-doll.deHomepage: https:\/\/www.dw-ol.de\/pages\/einrichtungen\/microsites\/diakonie-doll_de\/rat___hilfe\/anlaufstelle_fuer_straffaellige Familienzentrum DelFInBreslauerstra\u00dfe 41, 27755 DelmenhorstTel.: 0178 8072719E-Mail: mzabel@diakonie-doll.deHomepage: Kinder- und Jugendhaus HorizontElbinger Stra\u00dfe 20, 27755 DelmenhorstTel.: 04221 62655Fax: 04221-6890280E-Mail: jugendhaus.horizont@diakonie-doll.deHomepage: https:\/\/www.dw-ol.de\/pages\/einrichtungen\/jugendhilfe\/delmenhorst_oldenburg-land\/kinder-_und_jugendhaus_horizont_kinderschutz-zentrum_delmenhorst\u00d6ffnungszeiten: Montag bis Freitag 14:00 &#8211; 20:00 Uhr MigrationsberatungDelmegarten 3, 27749 DelmenhorstTel: 0162 8633203E-Mail: mibrahim@diakonie-doll.deHomepage: https:\/\/www.diakonie-doll.de\/rat-hilfe\/migrationsberatung\/migrationsberatung-delmenhorstSprechzeit: Montags &hellip; <\/p>\n<p class=\"link-more\"><a href=\"https:\/\/duesternort.de\/index.php\/soziale-einrichtungen\/\" class=\"more-link\"><span class=\"screen-reader-text\">\u201eSoziale Einrichtungen\u201c<\/span> weiterlesen<\/a><\/p>\n","protected":false},"author":1,"featured_media":0,"parent":0,"menu_order":0,"comment_status":"closed","ping_status":"closed","template":"","meta":{"footnotes":""},"class_list":["post-69","page","type-page","status-publish","hentry"],"_links":{"self":[{"href":"https:\/\/duesternort.de\/index.php\/wp-json\/wp\/v2\/pages\/69","targetHints":{"allow":["GET"]}}],"collection":[{"href":"https:\/\/duesternort.de\/index.php\/wp-json\/wp\/v2\/pages"}],"about":[{"href":"https:\/\/duesternort.de\/index.php\/wp-json\/wp\/v2\/types\/page"}],"author":[{"embeddable":true,"href":"https:\/\/duesternort.de\/index.php\/wp-json\/wp\/v2\/users\/1"}],"replies":[{"embeddable":true,"href":"https:\/\/duesternort.de\/index.php\/wp-json\/wp\/v2\/comments?post=69"}],"version-history":[{"count":19,"href":"https:\/\/duesternort.de\/index.php\/wp-json\/wp\/v2\/pages\/69\/revisions"}],"predecessor-version":[{"id":795,"href":"https:\/\/duesternort.de\/index.php\/wp-json\/wp\/v2\/pages\/69\/revisions\/795"}],"wp:attachment":[{"href":"https:\/\/duesternort.de\/index.php\/wp-json\/wp\/v2\/media?parent=69"}],"curies":[{"name":"wp","href":"https:\/\/api.w.org\/{rel}","templated":true}]}}