{"id":67,"date":"2020-12-03T14:47:51","date_gmt":"2020-12-03T14:47:51","guid":{"rendered":"https:\/\/duesternort.de\/?page_id=67"},"modified":"2021-03-09T11:15:14","modified_gmt":"2021-03-09T11:15:14","slug":"schulen-und-kindergaerten","status":"publish","type":"page","link":"https:\/\/duesternort.de\/index.php\/schulen-und-kindergaerten\/","title":{"rendered":"Kinderg\u00e4rten, Krippen und Schulen"},"content":{"rendered":"\n<h2 class=\"wp-block-heading\"><strong>Kinderg\u00e4rten und Krippen<\/strong><\/h2>\n\n\n\n<div class=\"wp-block-media-text alignwide has-media-on-the-right is-stacked-on-mobile is-image-fill\" style=\"grid-template-columns:auto 36%\"><figure class=\"wp-block-media-text__media\" style=\"background-image:url(https:\/\/duesternort.de\/wp-content\/uploads\/2020\/12\/platzhalter.png);background-position:50% 50%\"><img loading=\"lazy\" decoding=\"async\" width=\"500\" height=\"500\" src=\"https:\/\/duesternort.de\/wp-content\/uploads\/2020\/12\/platzhalter.png\" alt=\"\" class=\"wp-image-341 size-full\" srcset=\"https:\/\/duesternort.de\/wp-content\/uploads\/2020\/12\/platzhalter.png 500w, https:\/\/duesternort.de\/wp-content\/uploads\/2020\/12\/platzhalter-300x300.png 300w, https:\/\/duesternort.de\/wp-content\/uploads\/2020\/12\/platzhalter-150x150.png 150w, https:\/\/duesternort.de\/wp-content\/uploads\/2020\/12\/platzhalter-100x100.png 100w\" sizes=\"auto, (max-width: 500px) 100vw, 500px\" \/><\/figure><div class=\"wp-block-media-text__content\">\n<p><strong>Ev.-Luth. Kindergarten \u201cZu den Zw\u00f6lf Aposteln\u201d<\/strong><br>Breslauer Str. 88, 27755 Delmenhorst<br>Tel.: 04221 61848<br>Homepage: <a rel=\"noreferrer noopener\" href=\"https:\/\/www.apostelkinder-del.de\/\" target=\"_blank\">https:\/\/www.apostelkinder-del.de\/<\/a><\/p>\n<\/div><\/div>\n\n\n\n<div class=\"wp-block-media-text alignwide has-media-on-the-right is-stacked-on-mobile is-image-fill\" style=\"grid-template-columns:auto 35%\"><figure class=\"wp-block-media-text__media\" style=\"background-image:url(https:\/\/duesternort.de\/wp-content\/uploads\/2020\/12\/Logo-Kinderkrippe-724x1024.png);background-position:60% 10%\"><img loading=\"lazy\" decoding=\"async\" width=\"724\" height=\"1024\" src=\"https:\/\/duesternort.de\/wp-content\/uploads\/2020\/12\/Logo-Kinderkrippe-724x1024.png\" alt=\"\" class=\"wp-image-427 size-full\" srcset=\"https:\/\/duesternort.de\/wp-content\/uploads\/2020\/12\/Logo-Kinderkrippe-724x1024.png 724w, https:\/\/duesternort.de\/wp-content\/uploads\/2020\/12\/Logo-Kinderkrippe-212x300.png 212w, https:\/\/duesternort.de\/wp-content\/uploads\/2020\/12\/Logo-Kinderkrippe-768x1086.png 768w, https:\/\/duesternort.de\/wp-content\/uploads\/2020\/12\/Logo-Kinderkrippe-1086x1536.png 1086w, https:\/\/duesternort.de\/wp-content\/uploads\/2020\/12\/Logo-Kinderkrippe-1448x2048.png 1448w, https:\/\/duesternort.de\/wp-content\/uploads\/2020\/12\/Logo-Kinderkrippe.png 1654w\" sizes=\"auto, (max-width: 724px) 100vw, 724px\" \/><\/figure><div class=\"wp-block-media-text__content\">\n<p><strong>Ev.-Luth. Kinderkrippe \u201cZu den Zw\u00f6lf Aposteln\u201d<\/strong><br>Breslauer Str. 82, 27755 Delmenhorst<br>Tel.: 04221 6894420<br>Homepage: <a rel=\"noreferrer noopener\" href=\"https:\/\/www.apostelkinder-del.de\/\" target=\"_blank\">https:\/\/www.apostelkinder-del.de\/<\/a><\/p>\n<\/div><\/div>\n\n\n\n<div class=\"wp-block-media-text alignwide has-media-on-the-right is-stacked-on-mobile is-image-fill\" style=\"grid-template-columns:auto 37%\"><figure class=\"wp-block-media-text__media\" style=\"background-image:url(https:\/\/duesternort.de\/wp-content\/uploads\/2020\/12\/lebenshilfe-lh2015-aussenaufnahmen2-20151123-26-LUKAS-LEHMANN-PHOTOGRAPHY-1024x683.jpg);background-position:66% 48%\"><img loading=\"lazy\" decoding=\"async\" width=\"1024\" height=\"683\" src=\"https:\/\/duesternort.de\/wp-content\/uploads\/2020\/12\/lebenshilfe-lh2015-aussenaufnahmen2-20151123-26-LUKAS-LEHMANN-PHOTOGRAPHY-1024x683.jpg\" alt=\"\" class=\"wp-image-393 size-full\" srcset=\"https:\/\/duesternort.de\/wp-content\/uploads\/2020\/12\/lebenshilfe-lh2015-aussenaufnahmen2-20151123-26-LUKAS-LEHMANN-PHOTOGRAPHY-1024x683.jpg 1024w, https:\/\/duesternort.de\/wp-content\/uploads\/2020\/12\/lebenshilfe-lh2015-aussenaufnahmen2-20151123-26-LUKAS-LEHMANN-PHOTOGRAPHY-300x200.jpg 300w, https:\/\/duesternort.de\/wp-content\/uploads\/2020\/12\/lebenshilfe-lh2015-aussenaufnahmen2-20151123-26-LUKAS-LEHMANN-PHOTOGRAPHY-768x512.jpg 768w, https:\/\/duesternort.de\/wp-content\/uploads\/2020\/12\/lebenshilfe-lh2015-aussenaufnahmen2-20151123-26-LUKAS-LEHMANN-PHOTOGRAPHY-1536x1024.jpg 1536w, https:\/\/duesternort.de\/wp-content\/uploads\/2020\/12\/lebenshilfe-lh2015-aussenaufnahmen2-20151123-26-LUKAS-LEHMANN-PHOTOGRAPHY.jpg 1600w\" sizes=\"auto, (max-width: 767px) 89vw, (max-width: 1000px) 54vw, (max-width: 1071px) 543px, 580px\" \/><\/figure><div class=\"wp-block-media-text__content\">\n<p><strong>Kindertagesst\u00e4tte S\u00fcd<\/strong><br>S\u00fcdstra\u00dfe 11, 27755 Delmenhorst<br>Tel.: 04221 925740<br>Fax: 04221 9818746<br>E-Mail: <a href=\"mailto:kitasued@lebenshilfe-delmenhorst.de\">kitasued@lebenshilfe-delmenhorst.de<\/a><br>Homepage: <a rel=\"noreferrer noopener\" href=\"https:\/\/www.lh-del.de\/de\/kita-sued.html\" target=\"_blank\">https:\/\/www.lh-del.de\/de\/kita-sued.html<\/a><\/p>\n<\/div><\/div>\n\n\n\n<div class=\"wp-block-media-text alignwide has-media-on-the-right is-stacked-on-mobile is-image-fill\" style=\"grid-template-columns:auto 37%\"><figure class=\"wp-block-media-text__media\" style=\"background-image:url(https:\/\/duesternort.de\/wp-content\/uploads\/2021\/01\/lebenshilfe-lh2015-aussenaufnahmen2-20151123-29-LUKAS-LEHMANN-PHOTOGRAPHY-1024x683.jpg);background-position:19% 51%\"><img loading=\"lazy\" decoding=\"async\" width=\"1024\" height=\"683\" src=\"https:\/\/duesternort.de\/wp-content\/uploads\/2021\/01\/lebenshilfe-lh2015-aussenaufnahmen2-20151123-29-LUKAS-LEHMANN-PHOTOGRAPHY-1024x683.jpg\" alt=\"\" class=\"wp-image-442 size-full\" srcset=\"https:\/\/duesternort.de\/wp-content\/uploads\/2021\/01\/lebenshilfe-lh2015-aussenaufnahmen2-20151123-29-LUKAS-LEHMANN-PHOTOGRAPHY-1024x683.jpg 1024w, https:\/\/duesternort.de\/wp-content\/uploads\/2021\/01\/lebenshilfe-lh2015-aussenaufnahmen2-20151123-29-LUKAS-LEHMANN-PHOTOGRAPHY-300x200.jpg 300w, https:\/\/duesternort.de\/wp-content\/uploads\/2021\/01\/lebenshilfe-lh2015-aussenaufnahmen2-20151123-29-LUKAS-LEHMANN-PHOTOGRAPHY-768x512.jpg 768w, https:\/\/duesternort.de\/wp-content\/uploads\/2021\/01\/lebenshilfe-lh2015-aussenaufnahmen2-20151123-29-LUKAS-LEHMANN-PHOTOGRAPHY-1536x1024.jpg 1536w, https:\/\/duesternort.de\/wp-content\/uploads\/2021\/01\/lebenshilfe-lh2015-aussenaufnahmen2-20151123-29-LUKAS-LEHMANN-PHOTOGRAPHY.jpg 1600w\" sizes=\"auto, (max-width: 767px) 89vw, (max-width: 1000px) 54vw, (max-width: 1071px) 543px, 580px\" \/><\/figure><div class=\"wp-block-media-text__content\">\n<p><strong>Heilp\u00e4dagogische Kindertagesst\u00e4tte Rappelkiste<\/strong><br>Kolberger Stra\u00dfe 1, 27755 Delmenhorst<br>Tel.: 04221 98126-10<br>Fax: 04221 98126-15<br>E-Mail: <a href=\"mailto:rappelkiste@lebenshilfe-delmenhorst.de\">rappelkiste@lebenshilfe-delmenhorst.de<\/a><br>Homepage: <a href=\"https:\/\/www.lh-del.de\/de\/rappelkiste.html\">https:\/\/www.lh-del.de\/de\/rappelkiste.html<\/a><\/p>\n<\/div><\/div>\n\n\n\n<div class=\"wp-block-media-text alignwide has-media-on-the-right is-stacked-on-mobile is-image-fill\" style=\"grid-template-columns:auto 38%\"><figure class=\"wp-block-media-text__media\" style=\"background-image:url(https:\/\/duesternort.de\/wp-content\/uploads\/2020\/12\/Kita-2-1-1024x606.jpg);background-position:60% 50%\"><img loading=\"lazy\" decoding=\"async\" width=\"1024\" height=\"606\" src=\"https:\/\/duesternort.de\/wp-content\/uploads\/2020\/12\/Kita-2-1-1024x606.jpg\" alt=\"\" class=\"wp-image-425 size-full\" srcset=\"https:\/\/duesternort.de\/wp-content\/uploads\/2020\/12\/Kita-2-1-1024x606.jpg 1024w, https:\/\/duesternort.de\/wp-content\/uploads\/2020\/12\/Kita-2-1-300x178.jpg 300w, https:\/\/duesternort.de\/wp-content\/uploads\/2020\/12\/Kita-2-1-768x455.jpg 768w, https:\/\/duesternort.de\/wp-content\/uploads\/2020\/12\/Kita-2-1-1536x910.jpg 1536w, https:\/\/duesternort.de\/wp-content\/uploads\/2020\/12\/Kita-2-1-2048x1213.jpg 2048w\" sizes=\"auto, (max-width: 767px) 89vw, (max-width: 1000px) 54vw, (max-width: 1071px) 543px, 580px\" \/><\/figure><div class=\"wp-block-media-text__content\">\n<p id=\"schulen\"><strong>Kindertagesst\u00e4tte St. Christophorus<\/strong><br>Brendelweg 122, 27755 Delmenhorst<br>Tel.: 04221 20048<br>E-Mail: <a href=\"mailto:kita.christophorus@marienportal.de\">kita.christophorus@marienportal.de<\/a><br>Homepage: <a rel=\"noreferrer noopener\" href=\"https:\/\/www.st-marien-delmenhorst.de\/einrichtungen\/kitas\/familienzentrum_st_christophorus\" target=\"_blank\">https:\/\/www.st-marien-delmenhorst.de\/einrichtungen\/kitas\/familienzentrum_st_christophorus<\/a><\/p>\n<\/div><\/div>\n\n\n\n<h2 class=\"wp-block-heading\"><strong>Schulen<\/strong><\/h2>\n\n\n\n<div class=\"wp-block-media-text alignwide has-media-on-the-right is-stacked-on-mobile\" style=\"grid-template-columns:auto 40%\"><figure class=\"wp-block-media-text__media\"><img loading=\"lazy\" decoding=\"async\" width=\"1024\" height=\"376\" src=\"https:\/\/duesternort.de\/wp-content\/uploads\/2021\/03\/Logo_GS_DEL_final_Farbe-1-1024x376.png\" alt=\"\" class=\"wp-image-476 size-full\" srcset=\"https:\/\/duesternort.de\/wp-content\/uploads\/2021\/03\/Logo_GS_DEL_final_Farbe-1-1024x376.png 1024w, https:\/\/duesternort.de\/wp-content\/uploads\/2021\/03\/Logo_GS_DEL_final_Farbe-1-300x110.png 300w, https:\/\/duesternort.de\/wp-content\/uploads\/2021\/03\/Logo_GS_DEL_final_Farbe-1-768x282.png 768w, https:\/\/duesternort.de\/wp-content\/uploads\/2021\/03\/Logo_GS_DEL_final_Farbe-1-1536x564.png 1536w, https:\/\/duesternort.de\/wp-content\/uploads\/2021\/03\/Logo_GS_DEL_final_Farbe-1-2048x752.png 2048w\" sizes=\"auto, (max-width: 767px) 89vw, (max-width: 1000px) 54vw, (max-width: 1071px) 543px, 580px\" \/><\/figure><div class=\"wp-block-media-text__content\">\n<p><strong>Astrid-Lindgren-Grundschule<\/strong><br>S\u00fcdstra\u00dfe 9, 27755 Delmenhorst<br>Tel.: 04221 24286<br>Fax: 04221 24386<br>Homepage: <a rel=\"noreferrer noopener\" href=\"http:\/\/www.als-delmenhorst.de\/\" target=\"_blank\">http:\/\/www.als-delmenhorst.de\/<\/a><\/p>\n<\/div><\/div>\n\n\n\n<div class=\"wp-block-media-text alignwide has-media-on-the-right is-stacked-on-mobile is-image-fill\" style=\"grid-template-columns:auto 37%\"><figure class=\"wp-block-media-text__media\" style=\"background-image:url(https:\/\/duesternort.de\/wp-content\/uploads\/2020\/12\/platzhalter.png);background-position:50% 50%\"><img loading=\"lazy\" decoding=\"async\" width=\"500\" height=\"500\" src=\"https:\/\/duesternort.de\/wp-content\/uploads\/2020\/12\/platzhalter.png\" alt=\"\" class=\"wp-image-341 size-full\" srcset=\"https:\/\/duesternort.de\/wp-content\/uploads\/2020\/12\/platzhalter.png 500w, https:\/\/duesternort.de\/wp-content\/uploads\/2020\/12\/platzhalter-300x300.png 300w, https:\/\/duesternort.de\/wp-content\/uploads\/2020\/12\/platzhalter-150x150.png 150w, https:\/\/duesternort.de\/wp-content\/uploads\/2020\/12\/platzhalter-100x100.png 100w\" sizes=\"auto, (max-width: 500px) 100vw, 500px\" \/><\/figure><div class=\"wp-block-media-text__content\">\n<p><strong>Grundschule am Gr\u00fcnen Kamp<\/strong><br>Am Gr\u00fcnen Kamp 25, 27749 Delmenhorst<br>Tel.: 04221 61767<br>E-Mail.: <a href=\"mailto:gs.amgruenenkamp@t-online.de\">gs.amgruenenkamp@t-online.de<\/a><br>Homepage: <a rel=\"noreferrer noopener\" href=\"https:\/\/www.grundschuleamgruenenkamp.de\/\" target=\"_blank\">https:\/\/www.grundschuleamgruenenkamp.de\/<\/a><\/p>\n<\/div><\/div>\n\n\n\n<div class=\"wp-block-media-text alignwide has-media-on-the-right is-stacked-on-mobile\" style=\"grid-template-columns:auto 25%\"><figure class=\"wp-block-media-text__media\"><img loading=\"lazy\" decoding=\"async\" width=\"130\" height=\"128\" src=\"https:\/\/duesternort.de\/wp-content\/uploads\/2021\/01\/Logo-130x130_Overbergschule.jpg\" alt=\"\" class=\"wp-image-436 size-full\"\/><\/figure><div class=\"wp-block-media-text__content\">\n<p><strong>Overbergschule, kath. Grundschule<\/strong><br>Brendelweg 59, 27755 Delmenhorst<br>Tel.: 04221-22603<br>E-Mail: <a href=\"mailto:buero@overbergschule-delmenhorst.de\">buero@overbergschule-delmenhorst.de<\/a><br>Homepage: <a rel=\"noreferrer noopener\" href=\"http:\/\/www.overbergschule-delmenhorst.de\/\" target=\"_blank\">http:\/\/www.overbergschule-delmenhorst.de\/<\/a><\/p>\n<\/div><\/div>\n\n\n\n<div class=\"wp-block-media-text alignwide has-media-on-the-right is-stacked-on-mobile is-image-fill\" style=\"grid-template-columns:auto 39%\"><figure class=\"wp-block-media-text__media\" style=\"background-image:url(https:\/\/duesternort.de\/wp-content\/uploads\/2020\/12\/DSC_0187-1024x683.jpg);background-position:50% 50%\"><img loading=\"lazy\" decoding=\"async\" width=\"1024\" height=\"683\" src=\"https:\/\/duesternort.de\/wp-content\/uploads\/2020\/12\/DSC_0187-1024x683.jpg\" alt=\"\" class=\"wp-image-429 size-full\" srcset=\"https:\/\/duesternort.de\/wp-content\/uploads\/2020\/12\/DSC_0187-1024x683.jpg 1024w, https:\/\/duesternort.de\/wp-content\/uploads\/2020\/12\/DSC_0187-300x200.jpg 300w, https:\/\/duesternort.de\/wp-content\/uploads\/2020\/12\/DSC_0187-768x512.jpg 768w, https:\/\/duesternort.de\/wp-content\/uploads\/2020\/12\/DSC_0187-1536x1024.jpg 1536w, https:\/\/duesternort.de\/wp-content\/uploads\/2020\/12\/DSC_0187-2048x1365.jpg 2048w\" sizes=\"auto, (max-width: 767px) 89vw, (max-width: 1000px) 54vw, (max-width: 1071px) 543px, 580px\" \/><\/figure><div class=\"wp-block-media-text__content\">\n<p><strong>Oberschule S\u00fcd<\/strong><br>Brendelweg 66, 27755 Delmenhorst<br>Tel.: 04221 2757<br>Fax: 04221 23108<br>Homepage: <a rel=\"noreferrer noopener\" href=\"https:\/\/wordpress.nibis.de\/obsdel\/\" target=\"_blank\">https:\/\/wordpress.nibis.de\/obsdel\/<\/a><\/p>\n<\/div><\/div>\n\n\n\n<div class=\"wp-block-media-text alignwide has-media-on-the-right is-stacked-on-mobile is-image-fill\" style=\"grid-template-columns:auto 37%\"><figure class=\"wp-block-media-text__media\" style=\"background-image:url(https:\/\/duesternort.de\/wp-content\/uploads\/2020\/12\/platzhalter.png);background-position:50% 50%\"><img loading=\"lazy\" decoding=\"async\" width=\"500\" height=\"500\" src=\"https:\/\/duesternort.de\/wp-content\/uploads\/2020\/12\/platzhalter.png\" alt=\"\" class=\"wp-image-341 size-full\" srcset=\"https:\/\/duesternort.de\/wp-content\/uploads\/2020\/12\/platzhalter.png 500w, https:\/\/duesternort.de\/wp-content\/uploads\/2020\/12\/platzhalter-300x300.png 300w, https:\/\/duesternort.de\/wp-content\/uploads\/2020\/12\/platzhalter-150x150.png 150w, https:\/\/duesternort.de\/wp-content\/uploads\/2020\/12\/platzhalter-100x100.png 100w\" sizes=\"auto, (max-width: 500px) 100vw, 500px\" \/><\/figure><div class=\"wp-block-media-text__content\">\n<p><strong>Gymnasium an der Wilmsstra\u00dfe<\/strong><br>Au\u00dfenstelle der Jgg. 8, 9 und 10<br>K\u00f6nigsberger Str. 65<br>27755 Delmenhorst<br>Tel.: 04221\/58 676 50<br>Fax: 04221 \/ 58 676 52<br>Homepage: <a rel=\"noreferrer noopener\" href=\"https:\/\/www.willms-gymnasium.de\/\" target=\"_blank\">https:\/\/www.willms-gymnasium.de\/&nbsp;<\/a><\/p>\n<\/div><\/div>\n","protected":false},"excerpt":{"rendered":"<p>Kinderg\u00e4rten und Krippen Ev.-Luth. Kindergarten \u201cZu den Zw\u00f6lf Aposteln\u201dBreslauer Str. 88, 27755 DelmenhorstTel.: 04221 61848Homepage: https:\/\/www.apostelkinder-del.de\/ Ev.-Luth. Kinderkrippe \u201cZu den Zw\u00f6lf Aposteln\u201dBreslauer Str. 82, 27755 DelmenhorstTel.: 04221 6894420Homepage: https:\/\/www.apostelkinder-del.de\/ Kindertagesst\u00e4tte S\u00fcdS\u00fcdstra\u00dfe 11, 27755 DelmenhorstTel.: 04221 925740Fax: 04221 9818746E-Mail: kitasued@lebenshilfe-delmenhorst.deHomepage: https:\/\/www.lh-del.de\/de\/kita-sued.html Heilp\u00e4dagogische Kindertagesst\u00e4tte RappelkisteKolberger Stra\u00dfe 1, 27755 DelmenhorstTel.: 04221 98126-10Fax: 04221 98126-15E-Mail: rappelkiste@lebenshilfe-delmenhorst.deHomepage: https:\/\/www.lh-del.de\/de\/rappelkiste.html Kindertagesst\u00e4tte St. &hellip; <\/p>\n<p class=\"link-more\"><a href=\"https:\/\/duesternort.de\/index.php\/schulen-und-kindergaerten\/\" class=\"more-link\"><span class=\"screen-reader-text\">\u201eKinderg\u00e4rten, Krippen und Schulen\u201c<\/span> weiterlesen<\/a><\/p>\n","protected":false},"author":1,"featured_media":0,"parent":0,"menu_order":0,"comment_status":"closed","ping_status":"closed","template":"","meta":{"footnotes":""},"class_list":["post-67","page","type-page","status-publish","hentry"],"_links":{"self":[{"href":"https:\/\/duesternort.de\/index.php\/wp-json\/wp\/v2\/pages\/67","targetHints":{"allow":["GET"]}}],"collection":[{"href":"https:\/\/duesternort.de\/index.php\/wp-json\/wp\/v2\/pages"}],"about":[{"href":"https:\/\/duesternort.de\/index.php\/wp-json\/wp\/v2\/types\/page"}],"author":[{"embeddable":true,"href":"https:\/\/duesternort.de\/index.php\/wp-json\/wp\/v2\/users\/1"}],"replies":[{"embeddable":true,"href":"https:\/\/duesternort.de\/index.php\/wp-json\/wp\/v2\/comments?post=67"}],"version-history":[{"count":11,"href":"https:\/\/duesternort.de\/index.php\/wp-json\/wp\/v2\/pages\/67\/revisions"}],"predecessor-version":[{"id":478,"href":"https:\/\/duesternort.de\/index.php\/wp-json\/wp\/v2\/pages\/67\/revisions\/478"}],"wp:attachment":[{"href":"https:\/\/duesternort.de\/index.php\/wp-json\/wp\/v2\/media?parent=67"}],"curies":[{"name":"wp","href":"https:\/\/api.w.org\/{rel}","templated":true}]}}