{"id":2,"date":"2020-10-15T14:13:56","date_gmt":"2020-10-15T14:13:56","guid":{"rendered":"https:\/\/duesternort.de\/?page_id=2"},"modified":"2020-12-15T20:51:31","modified_gmt":"2020-12-15T20:51:31","slug":"home","status":"publish","type":"page","link":"https:\/\/duesternort.de\/","title":{"rendered":"Willkommen auf der Homepage von D\u00fcsternort!"},"content":{"rendered":"\n<p>Auf den folgenden Seiten sind Informationen zu finden \u00fcber Soziale Einrichtungen, wie Kinderg\u00e4rten und Schulen, welche niedergelassen \u00c4rzte es in D\u00fcsternort gibt, was aktuelles gerade im Stadtteil ansteht und vieles mehr.<\/p>\n\n\n\n<blockquote class=\"wp-block-quote is-layout-flow wp-block-quote-is-layout-flow\"><p><em>Viel Spa\u00df beim St\u00f6bern!<\/em><\/p><\/blockquote>\n","protected":false},"excerpt":{"rendered":"<p>Auf den folgenden Seiten sind Informationen zu finden \u00fcber Soziale Einrichtungen, wie Kinderg\u00e4rten und Schulen, welche niedergelassen \u00c4rzte es in D\u00fcsternort gibt, was aktuelles gerade im Stadtteil ansteht und vieles mehr. Viel Spa\u00df beim St\u00f6bern!<\/p>\n","protected":false},"author":1,"featured_media":0,"parent":0,"menu_order":0,"comment_status":"closed","ping_status":"closed","template":"","meta":{"footnotes":""},"class_list":["post-2","page","type-page","status-publish","hentry"],"_links":{"self":[{"href":"https:\/\/duesternort.de\/index.php\/wp-json\/wp\/v2\/pages\/2","targetHints":{"allow":["GET"]}}],"collection":[{"href":"https:\/\/duesternort.de\/index.php\/wp-json\/wp\/v2\/pages"}],"about":[{"href":"https:\/\/duesternort.de\/index.php\/wp-json\/wp\/v2\/types\/page"}],"author":[{"embeddable":true,"href":"https:\/\/duesternort.de\/index.php\/wp-json\/wp\/v2\/users\/1"}],"replies":[{"embeddable":true,"href":"https:\/\/duesternort.de\/index.php\/wp-json\/wp\/v2\/comments?post=2"}],"version-history":[{"count":23,"href":"https:\/\/duesternort.de\/index.php\/wp-json\/wp\/v2\/pages\/2\/revisions"}],"predecessor-version":[{"id":387,"href":"https:\/\/duesternort.de\/index.php\/wp-json\/wp\/v2\/pages\/2\/revisions\/387"}],"wp:attachment":[{"href":"https:\/\/duesternort.de\/index.php\/wp-json\/wp\/v2\/media?parent=2"}],"curies":[{"name":"wp","href":"https:\/\/api.w.org\/{rel}","templated":true}]}}